{"id":105,"date":"2024-07-17T21:42:59","date_gmt":"2024-07-17T19:42:59","guid":{"rendered":"https:\/\/restaurangornen.nu\/24\/frukost\/"},"modified":"2024-07-17T21:43:04","modified_gmt":"2024-07-17T19:43:04","slug":"frukost","status":"publish","type":"page","link":"https:\/\/restaurangornen.nu\/24\/frukost\/","title":{"rendered":"Frukost"},"content":{"rendered":"\n  \n    <section class=\"u-align-center u-clearfix u-image u-parallax u-section-1\" id=\"carousel_77bd\" data-image-width=\"1280\" data-image-height=\"853\" style=\"background-image: url(&quot;https:\/\/images.unsplash.com\/photo-1504754524776-8f4f37790ca0?crop=entropy&amp;cs=srgb&amp;fm=jpg&amp;ixid=M3w1NzgzNjl8MHwxfHNlYXJjaHwxfHxicmVha2Zhc3R8ZW58MHx8fHwxNzE2ODkyNjI4fDA&amp;ixlib=rb-4.0.3&amp;q=85&quot;);\">\n      <div class=\"u-clearfix u-sheet u-sheet-1\">\n        <div class=\"u-align-center u-container-style u-group u-white u-group-1\">\n          <div class=\"u-container-layout u-container-layout-1\">\n            <h2 class=\"u-custom-font u-font-oswald u-text u-text-1\" data-animation-name=\"customAnimationIn\" data-animation-duration=\"1000\" data-animation-delay=\"1000\"> ha en bra dag och<\/h2>\n          <\/div>\n        <\/div>\n        <div class=\"u-align-center-lg u-align-center-md u-align-center-xl u-container-style u-group u-white u-group-2\">\n          <div class=\"u-container-layout u-container-layout-2\">\n            <h2 class=\"u-align-center-sm u-align-center-xs u-custom-font u-font-oswald u-text u-text-2\" data-animation-name=\"customAnimationIn\" data-animation-duration=\"1000\" data-animation-delay=\"2000\"> en riktig \u200b\u200bgott frukos\u200bt\u200b \ud83d\ude42<\/h2>\n          <\/div>\n        <\/div>\n        <a href=\"https:\/\/restaurangornen.nu\/24\/frukost\/#carousel_bdf5\" class=\"u-active-black u-black u-border-none u-btn u-btn-round u-button-style u-hover-custom-color-7 u-radius u-text-active-white u-text-custom-color-7 u-text-hover-white u-btn-1\" data-animation-name=\"flash\" data-animation-duration=\"1000\" data-animation-delay=\"3000\" data-animation-direction=\"\">Visa mer <\/a>\n      <\/div>\n    <\/section>\n    <section class=\"u-align-right u-clearfix u-section-2\" id=\"carousel_c827\">\n      <div class=\"u-clearfix u-sheet u-sheet-1\">\n        <div class=\"u-absolute-hcenter-xs u-custom-color-7 u-expanded-height u-shape u-shape-rectangle u-shape-1\" data-animation-name=\"customAnimationIn\" data-animation-duration=\"1000\" data-animation-delay=\"6000\"><\/div>\n        <h1 class=\"u-custom-font u-font-oswald u-text u-text-1\">Frukost<\/h1>\n        <p class=\"u-text u-text-black u-text-2\"> B\u00f6rja dagen med en enkel pankaka eller sm\u00f6rg\u00e5s frukost. Eller planera en fantastisk brunch med pajer, v\u00e5fflor, grytor och mer!<\/p>\n        <div class=\"data-layout-selected u-clearfix u-expanded-width u-gutter-20 u-layout-wrap u-layout-wrap-1\">\n          <div class=\"u-gutter-0 u-layout\">\n            <div class=\"u-layout-row\">\n              <div class=\"u-align-left u-container-style u-layout-cell u-right-cell u-size-20 u-layout-cell-1\" src=\"\">\n                <div class=\"u-container-layout u-container-layout-1\">\n                  <a href=\"https:\/\/restaurangornen.nu\/24\/frukost\/#carousel_77bd\" class=\"u-link u-no-underline u-text-custom-color-7 u-text-hover-black u-link-1\" data-animation-out=\"0\">frukost <\/a>\n                  <a href=\"https:\/\/restaurangornen.nu\/24\/frukost\/#carousel_77bd\" class=\"u-link u-no-underline u-text-black u-text-hover-custom-color-7 u-link-2\" data-animation-name=\"customAnimationIn\" data-animation-duration=\"1000\" data-animation-delay=\"1000\">lunch <\/a>\n                  <a href=\"https:\/\/restaurangornen.nu\/24\/fest\/#carousel_77bd\" class=\"u-link u-no-underline u-text-black u-text-hover-custom-color-7 u-link-3\" data-animation-name=\"customAnimationIn\" data-animation-duration=\"1000\" data-animation-delay=\"2000\">fest <\/a>\n                  <a href=\"https:\/\/restaurangornen.nu\/24\/foodtruck\/#carousel_d929\" class=\"u-link u-no-underline u-text-black u-text-hover-custom-color-7 u-link-4\" data-animation-name=\"customAnimationIn\" data-animation-duration=\"1000\" data-animation-delay=\"3000\">foodtruck <\/a>\n                  <a href=\"https:\/\/restaurangornen.nu\/24\/hamtmat\/#carousel_d929\" class=\"u-link u-no-underline u-text-black u-text-hover-custom-color-7 u-link-5\" data-animation-name=\"customAnimationIn\" data-animation-duration=\"1000\" data-animation-delay=\"4000\">h\u00e4mtmat <\/a>\n                  <a href=\"https:\/\/restaurangornen.nu\/24\/catering\/#carousel_9766\" class=\"u-link u-no-underline u-text-black u-text-hover-custom-color-7 u-link-6\" data-animation-name=\"customAnimationIn\" data-animation-duration=\"1000\" data-animation-delay=\"5000\">catering <\/a>\n                <\/div>\n              <\/div>\n              <div class=\"u-container-style u-image u-layout-cell u-size-20 u-image-1\" src=\"\" data-animation-name=\"pulse\" data-animation-duration=\"1000\" data-animation-delay=\"7000\" data-animation-direction=\"\" style=\"background-image: url(&quot;https:\/\/restaurangornen.nu\/24\/wp-content\/uploads\/2024\/07\/2.jpg&quot;);\">\n                <div class=\"u-container-layout u-container-layout-2\"><\/div>\n              <\/div>\n              <div class=\"u-container-style u-layout-cell u-left-cell u-size-20 u-layout-cell-3\" src=\"\">\n                <div class=\"u-container-layout u-valign-bottom-lg u-valign-bottom-xl u-container-layout-3\">\n                  <img decoding=\"async\" class=\"u-expanded-width u-image u-image-2\" src=\"https:\/\/restaurangornen.nu\/24\/wp-content\/uploads\/2024\/07\/pexels-photo-3681641.jpeg\" data-animation-name=\"pulse\" data-animation-duration=\"1000\" data-animation-delay=\"8000\" data-animation-direction=\"\">\n                <\/div>\n              <\/div>\n            <\/div>\n          <\/div>\n        <\/div>\n      <\/div>\n    <\/section>\n    <section class=\"u-clearfix u-section-3\" id=\"carousel_bdf5\">\n      <div class=\"u-clearfix u-sheet u-valign-middle-lg u-valign-middle-md u-valign-middle-sm u-valign-middle-xs u-sheet-1\">\n        <div class=\"data-layout-selected u-clearfix u-expanded-width u-gutter-30 u-layout-wrap u-layout-wrap-1\">\n          <div class=\"u-layout\" style=\"\">\n            <div class=\"u-layout-row\" style=\"\">\n              <div class=\"u-align-left u-container-style u-image u-layout-cell u-left-cell u-size-15 u-size-30-md u-image-1\" src=\"\" data-image-width=\"1280\" data-image-height=\"853\" data-animation-name=\"flipIn\" data-animation-duration=\"1000\" data-animation-delay=\"1000\" data-animation-direction=\"X\" style=\"background-image: url(&quot;https:\/\/images.unsplash.com\/photo-1521390188846-e2a3a97453a0?crop=entropy&amp;cs=srgb&amp;fm=jpg&amp;ixid=M3w1NzgzNjl8MHwxfHNlYXJjaHwzNXx8c2FuZHdpY2h8ZW58MHx8fHwxNzE2MjIzMzE2fDA&amp;ixlib=rb-4.0.3&amp;q=85&quot;);\">\n                <div class=\"u-container-layout\" src=\"\"><\/div>\n              <\/div>\n              <div class=\"u-align-left u-container-style u-layout-cell u-size-15 u-size-30-md u-white u-layout-cell-2\">\n                <div class=\"u-container-layout u-container-layout-2\">\n                  <h4 class=\"u-custom-font u-font-oswald u-text u-text-1\" data-animation-name=\"lightSpeedIn\" data-animation-duration=\"1000\" data-animation-delay=\"2000\" data-animation-direction=\"\"><b>MENY - Sm\u00f6rg\u00e5sar<\/b>\n                  <\/h4>\n                  <ul class=\"u-text u-text-grey-40 u-text-2\">\n                    <li> R\u00e4kmacka <span style=\"font-weight: 700;\">90kr<\/span>\n                    <\/li>\n                    <li>Brieost med soltorkade tomater <span style=\"font-weight: 700;\">80 kr<\/span>\n                    <\/li>\n                    <li>Varm macka (toast) <span style=\"font-weight: 700;\">80 kr<\/span>\n                    <\/li>\n                    <li>Kycklingcurry baguette <span style=\"font-weight: 700;\">65 kr<\/span>\n                    <\/li>\n                    <li>Skagenr\u00f6ra<span style=\"font-weight: 700;\"> 70 kr<\/span>\n                    <\/li>\n                    <li>Ost och skinka (stor) <span style=\"font-weight: 700;\">55 kr<\/span>\n                    <\/li>\n                    <li>Ost och skinka (liten) <span style=\"font-weight: 700;\">40 kr<\/span>\n                    <\/li>\n                  <\/ul>\n                <\/div>\n              <\/div>\n              <div class=\"u-align-left u-container-style u-image u-layout-cell u-size-15 u-size-30-md u-image-2\" src=\"\" data-image-width=\"853\" data-image-height=\"1280\" data-animation-name=\"flipIn\" data-animation-duration=\"1000\" data-animation-delay=\"3000\" data-animation-direction=\"X\" style=\"background-image: url(&quot;https:\/\/images.unsplash.com\/photo-1607690506833-498e04ab3ffa?crop=entropy&amp;cs=srgb&amp;fm=jpg&amp;ixid=M3w1NzgzNjl8MHwxfHNlYXJjaHw0NXx8YXBlbHNpbiUyMGp1aWNlfGVufDB8fHx8MTcxNjIyMzI4M3ww&amp;ixlib=rb-4.0.3&amp;q=85&quot;);\">\n                <div class=\"u-container-layout\" src=\"\"><\/div>\n              <\/div>\n              <div class=\"u-align-left u-container-style u-layout-cell u-right-cell u-size-15 u-size-30-md u-white u-layout-cell-4\">\n                <div class=\"u-container-layout u-container-layout-4\">\n                  <h4 class=\"u-custom-font u-font-oswald u-text u-text-3\" data-animation-name=\"lightSpeedIn\" data-animation-duration=\"1000\" data-animation-delay=\"4000\" data-animation-direction=\"\"><b>MENY - Dryck<\/b>\n                  <\/h4>\n                  <ul class=\"u-text u-text-grey-40 u-text-4\">\n                    <li> Red Bull <span style=\"font-weight: 700;\">30 kr<\/span>\n                    <\/li>\n                    <li>NOCCO <span style=\"font-weight: 700;\">30 kr<\/span>\n                    <\/li>\n                    <li>Fanta <span style=\"font-weight: 700;\">30 kr<\/span>\n                    <\/li>\n                    <li>Coca-cola <span style=\"font-weight: 700;\">30 kr<\/span>\n                    <\/li>\n                    <span style=\"font-weight: 700;\"><\/span>\n                    <li>\u00c4ppelcider <span style=\"font-weight: 700;\">35 kr<\/span>\n                    <\/li>\n                    <li>Liten apelsinjuice <span style=\"font-weight: 700;\">18 kr<\/span>\n                    <\/li>\n                  <\/ul>\n                <\/div>\n              <\/div>\n            <\/div>\n          <\/div>\n        <\/div>\n      <\/div>\n    <\/section>\n    <section class=\"u-align-center u-clearfix u-image u-parallax u-section-4\" id=\"carousel_28ad\" style=\"background-image: url(&quot;https:\/\/restaurangornen.nu\/24\/wp-content\/uploads\/2024\/07\/pexelsphoto3831823.jpeg&quot;);\">\n      <div class=\"u-clearfix u-sheet u-sheet-1\">\n        <div class=\"u-social-icons u-spacing-10 u-social-icons-1\">\n          <a class=\"u-social-url\" target=\"_blank\" href=\"https:\/\/facebook.com\/restaurangornen\" title=\"facebook\"><span class=\"u-icon u-icon-circle u-social-facebook u-social-icon u-icon-1\"><svg class=\"u-svg-link\" preserveAspectRatio=\"xMidYMin slice\" viewBox=\"0 0 112 112\" style=\"\"><use xlink:href=\"#svg-0453\"><\/use><\/svg><svg x=\"0px\" y=\"0px\" viewBox=\"0 0 112 112\" id=\"svg-0453\" class=\"u-svg-content\"><path d=\"M75.5,28.8H65.4c-1.5,0-4,0.9-4,4.3v9.4h13.9l-1.5,15.8H61.4v45.1H42.8V58.3h-8.8V42.4h8.8V32.2 c0-7.4,3.4-18.8,18.8-18.8h13.8v15.4H75.5z\"><\/path><\/svg><\/span>\n          <\/a>\n          <a class=\"u-social-url\" target=\"_blank\" href=\"https:\/\/instagram.com\/restaurangornen\" title=\"instagram\"><span class=\"u-icon u-icon-circle u-social-icon u-social-instagram u-icon-2\"><svg class=\"u-svg-link\" preserveAspectRatio=\"xMidYMin slice\" viewBox=\"0 0 112 112\" style=\"\"><use xlink:href=\"#svg-e645\"><\/use><\/svg><svg x=\"0px\" y=\"0px\" viewBox=\"0 0 112 112\" id=\"svg-e645\" class=\"u-svg-content\"><path d=\"M55.9,32.9c-12.8,0-23.2,10.4-23.2,23.2s10.4,23.2,23.2,23.2s23.2-10.4,23.2-23.2S68.7,32.9,55.9,32.9z M55.9,69.4c-7.4,0-13.3-6-13.3-13.3c-0.1-7.4,6-13.3,13.3-13.3s13.3,6,13.3,13.3C69.3,63.5,63.3,69.4,55.9,69.4z\"><\/path><path d=\"M79.7,26.8c-3,0-5.4,2.5-5.4,5.4s2.5,5.4,5.4,5.4c3,0,5.4-2.5,5.4-5.4S82.7,26.8,79.7,26.8z\"><\/path><path d=\"M78.2,11H33.5C21,11,10.8,21.3,10.8,33.7v44.7c0,12.6,10.2,22.8,22.7,22.8h44.7c12.6,0,22.7-10.2,22.7-22.7 V33.7C100.8,21.1,90.6,11,78.2,11z M91,78.4c0,7.1-5.8,12.8-12.8,12.8H33.5c-7.1,0-12.8-5.8-12.8-12.8V33.7 c0-7.1,5.8-12.8,12.8-12.8h44.7c7.1,0,12.8,5.8,12.8,12.8V78.4z\"><\/path><\/svg><\/span>\n          <\/a>\n        <\/div>\n        <h2 class=\"u-custom-font u-font-oswald u-text u-text-1\"> njut av morgontiden!<\/h2>\n      <\/div>\n    <\/section>\n    \n    \n    \n    \n    \n  \n","protected":false},"excerpt":{"rendered":"ha en bra dag och en riktig \u200b\u200bgott frukos\u200bt\u200b \ud83d\ude42 Visa mer Frukost B\u00f6rja dagen med en enkel pankaka eller sm\u00f6rg\u00e5s frukost. Eller planera en fantastisk brunch med pajer, v\u00e5fflor, grytor och mer! frukost lunch fest foodtruck h\u00e4mtmat catering MENY &#8211; Sm\u00f6rg\u00e5sar R\u00e4kmacka 90kr Brieost med soltorkade tomater 80 kr Varm macka (toast) 80 kr &hellip; <a href=\"https:\/\/restaurangornen.nu\/24\/frukost\/\" class=\"more-link\">Continue reading<span class=\"screen-reader-text\"> &#8220;Frukost&#8221;<\/span><\/a>","protected":false},"author":1,"featured_media":0,"parent":0,"menu_order":6,"comment_status":"closed","ping_status":"closed","template":"","meta":{"footnotes":""},"class_list":["post-105","page","type-page","status-publish","hentry"],"_links":{"self":[{"href":"https:\/\/restaurangornen.nu\/24\/wp-json\/wp\/v2\/pages\/105","targetHints":{"allow":["GET"]}}],"collection":[{"href":"https:\/\/restaurangornen.nu\/24\/wp-json\/wp\/v2\/pages"}],"about":[{"href":"https:\/\/restaurangornen.nu\/24\/wp-json\/wp\/v2\/types\/page"}],"author":[{"embeddable":true,"href":"https:\/\/restaurangornen.nu\/24\/wp-json\/wp\/v2\/users\/1"}],"replies":[{"embeddable":true,"href":"https:\/\/restaurangornen.nu\/24\/wp-json\/wp\/v2\/comments?post=105"}],"version-history":[{"count":1,"href":"https:\/\/restaurangornen.nu\/24\/wp-json\/wp\/v2\/pages\/105\/revisions"}],"predecessor-version":[{"id":114,"href":"https:\/\/restaurangornen.nu\/24\/wp-json\/wp\/v2\/pages\/105\/revisions\/114"}],"wp:attachment":[{"href":"https:\/\/restaurangornen.nu\/24\/wp-json\/wp\/v2\/media?parent=105"}],"curies":[{"name":"wp","href":"https:\/\/api.w.org\/{rel}","templated":true}]}}