{"id":101,"date":"2024-07-17T21:42:55","date_gmt":"2024-07-17T19:42:55","guid":{"rendered":"https:\/\/restaurangornen.nu\/24\/om-oss\/"},"modified":"2024-07-20T03:23:02","modified_gmt":"2024-07-20T01:23:02","slug":"om-oss","status":"publish","type":"page","link":"https:\/\/restaurangornen.nu\/24\/om-oss\/","title":{"rendered":"Om oss"},"content":{"rendered":"\n    \n    <section class=\"skrollable u-clearfix u-image u-parallax u-section-2\" id=\"sec-3ce6\" data-image-width=\"2000\" data-image-height=\"1333\" style=\"background-image: url(&quot;https:\/\/restaurangornen.nu\/24\/wp-content\/uploads\/2024\/07\/kneading-dough-composition-bakery-top.jpg&quot;);\">\n      <div class=\"u-clearfix u-sheet u-valign-middle u-sheet-1\">\n        <blockquote class=\"u-align-center u-border-custom-color-7 u-text u-text-body-alt-color u-text-1\" data-animation-name=\"lightSpeedIn\" data-animation-duration=\"5000\" data-animation-delay=\"2000\" data-animation-direction=\"\"> Restaurang \u00d6rnen bjuder p\u00e5 en upplevelse som kombinerar mat och dryck i en modern, varm och livfull atmosf\u00e4r.<\/blockquote>\n      <\/div>\n    <\/section>\n    <section class=\"u-clearfix u-white u-section-3\" id=\"sec-7799\">\n      <div class=\"u-clearfix u-sheet u-sheet-1\">\n        <h1 class=\"u-align-center u-text u-text-default u-text-1\">Om oss <\/h1>\n        <p class=\"u-align-center u-text u-text-2\">\n          <span style=\"font-style: italic;\"> K\u00e4rlek, k\u00e4nsla och f\u00e4rska kryddor<\/span>\n          <span style=\"font-weight: 700;\">\n            <br>\n          <\/span>Restaurang \u00d6rnen \u00e4gs och drivs av Dereje \u00d6rnberg som har \u00f6ver 25&nbsp;\u00e5rs kock erfarenhet i Sverige. V\u00e5r duktiga personal \u00e4r lika internationell som v\u00e5rt koncept med smaker fr\u00e5n hela v\u00e4rlden. Vi \u00f6ppnade v\u00e5r f\u00f6rsta restaurang 2006 och ut\u00f6kade v\u00e5ren 2008 med ytterligare en restaurang med samma namn. Vi erbjuder v\u00e5ra g\u00e4ster ett handplockat utbud av r\u00e4tter med smaker fr\u00e5n hela v\u00e4rlden i v\u00e5ra lunch -och kv\u00e4llsbuff\u00e9, \u00e0 la carte-meny samt specialkomponerad catering till b\u00e5de sm\u00e5 och stora s\u00e4llskap. Under \u00f6rnens trygga vingar \u00e4r alla v\u00e4lkomna!&nbsp;<b>Restaurang \u00d6rnen bjuder p\u00e5 en upplevelse som kombinerar mat och dryck i en modern, varm och livfull atmosf\u00e4r.<\/b>\n          <br>\n        <\/p>\n        <blockquote class=\"u-align-center u-border-grey-90 u-text u-text-3\" data-animation-name=\"customAnimationIn\" data-animation-duration=\"1000\" data-animation-delay=\"1000\"> \u201cJag \u00e4lskar mat som \u00e4r tillagad med k\u00e4rlek, k\u00e4nsla och f\u00e4rska kryddor. Jag vill att mina g\u00e4ster ska f\u00e5 njuta av samma fina smakupplevelser som jag sj\u00e4lv har inspirerats av fr\u00e5n min etiopiska uppv\u00e4xt.\u201d<br>\u2013 Dereje \u00d6rnberg, restaurangchef Restaurang \u00d6rnen. \n        <\/blockquote>\n        <a href=\"https:\/\/restaurangornen.nu\/24\/om-oss\/#sec-2dac\" class=\"u-black u-btn u-button-style u-btn-1\" data-animation-name=\"flash\" data-animation-duration=\"1000\" data-animation-delay=\"1000\" data-animation-direction=\"\">Visa mer <\/a>\n      <\/div>\n    <\/section>\n    <section class=\"u-clearfix u-custom-color-7 u-section-4\" id=\"sec-2dac\">\n      <div class=\"u-clearfix u-sheet u-valign-middle-md u-valign-middle-sm u-valign-middle-xs u-sheet-1\">\n        <div class=\"data-layout-selected u-clearfix u-expanded-width u-gutter-30 u-layout-wrap u-layout-wrap-1\">\n          <div class=\"u-layout\">\n            <div class=\"u-layout-row\">\n              <div class=\"u-container-align-center u-container-style u-image u-image-round u-layout-cell u-radius u-size-30 u-image-1\" data-image-width=\"442\" data-image-height=\"663\" data-animation-name=\"customAnimationIn\" data-animation-duration=\"2000\" style=\"background-image: url(&quot;https:\/\/restaurangornen.nu\/24\/wp-content\/uploads\/2024\/07\/image6.png&quot;);\">\n                <div class=\"u-container-layout u-container-layout-1\"><\/div>\n              <\/div>\n              <div class=\"u-black u-container-style u-layout-cell u-radius u-shape-round u-size-30 u-layout-cell-2\">\n                <div class=\"u-container-layout u-valign-middle-lg u-valign-middle-md u-valign-middle-sm u-valign-middle-xl u-container-layout-2\">\n                  <h5 class=\"u-text u-text-custom-color-7 u-text-default-lg u-text-default-md u-text-default-sm u-text-default-xl u-text-1\" data-animation-name=\"fadeIn\" data-animation-duration=\"1000\" data-animation-delay=\"1000\"> Vi anv\u00e4nder f\u00e4rska ingredienser&nbsp;<br>\n                  <\/h5>\n                  <p class=\"u-text u-text-default u-text-2\" data-animation-name=\"fadeIn\" data-animation-duration=\"1000\" data-animation-delay=\"2000\"> Alla v\u00e5ra ingredienser kommer fr\u00e5n lokala b\u00f6nder och butiker.<\/p>\n                  <h5 class=\"u-text u-text-custom-color-7 u-text-default-lg u-text-default-md u-text-default-sm u-text-default-xl u-text-3\" data-animation-name=\"fadeIn\" data-animation-duration=\"1000\" data-animation-delay=\"3000\"> Vi tycker om traditionerna<\/h5>\n                  <p class=\"u-text u-text-default-lg u-text-default-md u-text-default-sm u-text-default-xl u-text-4\" data-animation-name=\"fadeIn\" data-animation-duration=\"1000\" data-animation-delay=\"4000\"> V\u00e5ra recept \u00e4r bepr\u00f6vade av v\u00e5r egen familj.<\/p>\n                  <h5 class=\"u-text u-text-custom-color-7 u-text-default-lg u-text-default-md u-text-default-sm u-text-default-xl u-text-5\" data-animation-name=\"fadeIn\" data-animation-duration=\"1000\" data-animation-delay=\"5000\"> Vi bakar dagligen<\/h5>\n                  <p class=\"u-text u-text-default-lg u-text-default-md u-text-default-sm u-text-default-xl u-text-6\" data-animation-name=\"fadeIn\" data-animation-duration=\"1000\" data-animation-delay=\"6000\"> Varje dag b\u00f6rjar med nymalet mj\u00f6l.<\/p>\n                  <h5 class=\"u-text u-text-custom-color-7 u-text-default-lg u-text-default-md u-text-default-sm u-text-default-xl u-text-7\" data-animation-name=\"fadeIn\" data-animation-duration=\"1000\" data-animation-delay=\"7000\"> Vi \u00e4r h\u00e5llbara<\/h5>\n                  <p class=\"u-text u-text-default-lg u-text-default-md u-text-default-sm u-text-default-xl u-text-8\" data-animation-name=\"fadeIn\" data-animation-duration=\"1000\" data-animation-delay=\"8000\"> Vi \u00f6verv\u00e4ger p\u00e5verkan p\u00e5 v\u00e4rlden, i allt vi g\u00f6r.<\/p>\n                <\/div>\n              <\/div>\n            <\/div>\n          <\/div>\n        <\/div>\n      <\/div>\n    <\/section>\n    <section class=\"u-clearfix u-custom-color-7 u-section-5\" id=\"carousel_6411\">\n      <div class=\"u-clearfix u-sheet u-valign-middle-lg u-valign-middle-md u-valign-middle-sm u-valign-middle-xl u-sheet-1\">\n        <div class=\"data-layout-selected u-clearfix u-expanded-width u-layout-wrap u-layout-wrap-1\">\n          <div class=\"u-layout\">\n            <div class=\"u-layout-row\">\n              <div class=\"u-align-justify u-container-style u-layout-cell u-size-30 u-layout-cell-1\">\n                <div class=\"u-container-layout u-container-layout-1\">\n                  <p class=\"u-text u-text-default u-text-1\"> \"V\u00e4lkommen till \u00d6rnen! Vi \u00e4r ett mysigt matst\u00e4lle som serverar l\u00e4ckra r\u00e4tter med fokus p\u00e5 f\u00e4rska, lokala r\u00e5varor. Fr\u00e5n v\u00e5ra signaturburgare till v\u00e5ra s\u00e4songsbetonade sm\u00e5 tallrikar, varje tugga \u00e4r gjord med k\u00e4rlek och omsorg.&nbsp;<\/p>\n                <\/div>\n              <\/div>\n              <div class=\"u-align-justify u-container-style u-layout-cell u-size-30 u-layout-cell-2\">\n                <div class=\"u-container-layout u-container-layout-2\">\n                  <p class=\"u-text u-text-default u-text-2\"> F\u00f6lj med oss f\u00f6r en m\u00e5ltid som s\u00e4kerligen kommer att tillfredsst\u00e4lla dina beg\u00e4r och som g\u00f6r att du k\u00e4nner dig m\u00e4tt och glad. Bokningar rekommenderas, men \u00e4ven v\u00e4lkomna!\"<\/p>\n                  <a href=\"https:\/\/restaurangornen.nu\/24\/hem\/#carousel_6b27\" class=\"u-active-black u-align-center u-black u-border-2 u-border-black u-btn u-button-style u-hover-custom-color-7 u-text-active-white u-text-hover-white u-text-white u-btn-1\" data-animation-name=\"bounceIn\" data-animation-duration=\"1000\" data-animation-delay=\"1000\" data-animation-direction=\"\">Boka bord <\/a>\n                <\/div>\n              <\/div>\n            <\/div>\n          <\/div>\n        <\/div>\n      <\/div>\n    <\/section>\n    <section class=\"skrollable u-clearfix u-image u-parallax u-section-6\" id=\"sec-af1b\" data-image-width=\"918\" data-image-height=\"1377\" style=\"background-image: url(&quot;https:\/\/restaurangornen.nu\/24\/wp-content\/uploads\/2024\/07\/image1.png&quot;);\">\n      <div class=\"u-clearfix u-sheet u-valign-middle-md u-valign-middle-sm u-valign-middle-xs u-sheet-1\">\n        <a href=\"https:\/\/restaurangornen.nu\/24\/kontakt\/\" class=\"u-active-black u-align-center u-black u-border-2 u-border-black u-btn u-button-style u-hover-custom-color-7 u-text-active-white u-text-custom-color-7 u-text-hover-white u-btn-1\" data-animation-name=\"flash\" data-animation-duration=\"1000\" data-animation-delay=\"1000\" data-animation-direction=\"\">Kontakta oss <\/a>\n      <\/div>\n    <\/section>\n    <section class=\"u-black u-clearfix u-section-7\" id=\"carousel_f55a\">\n      <div class=\"u-clearfix u-sheet u-valign-middle-xs u-sheet-1\">\n        <h2 class=\"u-align-center u-text u-text-custom-color-7 u-text-1\">Galleri<\/h2>\n        <div class=\"u-expanded-width u-list u-list-1\">\n          <div class=\"u-repeater u-repeater-1\">\n            <div class=\"u-container-style u-list-item u-repeater-item u-shape-rectangle\">\n              <div class=\"u-container-layout u-similar-container u-container-layout-1\">\n                <div class=\"u-border-4 u-border-custom-color-7 u-expanded-width u-image u-image-circle u-image-1\" alt=\"\" data-image-width=\"1280\" data-image-height=\"853\" data-animation-name=\"customAnimationIn\" data-animation-duration=\"1000\" data-animation-delay=\"1000\" style=\"background-image: url(&quot;https:\/\/restaurangornen.nu\/24\/wp-content\/uploads\/2024\/07\/de670e16fd7028315241a64fe0b2128b8b7ae4c192dd5cd6b43cdb5a056277ddf702ed52ed3785d4fdc373f4033f137d2506098e86b4385776a196_1280.jpg&quot;);\"><\/div>\n              <\/div>\n            <\/div>\n            <div class=\"u-container-style u-list-item u-repeater-item u-shape-rectangle\">\n              <div class=\"u-container-layout u-similar-container u-container-layout-2\">\n                <div class=\"u-border-4 u-border-custom-color-7 u-expanded-width u-image u-image-circle u-image-2\" alt=\"\" data-image-width=\"602\" data-image-height=\"903\" data-animation-name=\"customAnimationIn\" data-animation-duration=\"1000\" data-animation-delay=\"2000\" style=\"background-image: url(&quot;https:\/\/restaurangornen.nu\/24\/wp-content\/uploads\/2024\/07\/image9.png&quot;);\"><\/div>\n              <\/div>\n            <\/div>\n            <div class=\"u-container-style u-list-item u-repeater-item u-shape-rectangle\">\n              <div class=\"u-container-layout u-similar-container u-container-layout-3\">\n                <div class=\"u-border-4 u-border-custom-color-7 u-expanded-width u-image u-image-circle u-image-3\" alt=\"\" data-image-width=\"626\" data-image-height=\"417\" data-animation-name=\"customAnimationIn\" data-animation-duration=\"1000\" data-animation-delay=\"3000\" style=\"background-image: url(&quot;https:\/\/restaurangornen.nu\/24\/wp-content\/uploads\/2024\/07\/avhamtningmat.png&quot;);\"><\/div>\n              <\/div>\n            <\/div>\n            <div class=\"u-container-style u-list-item u-repeater-item u-shape-rectangle\">\n              <div class=\"u-container-layout u-similar-container u-container-layout-4\">\n                <div class=\"u-border-4 u-border-custom-color-7 u-expanded-width u-image u-image-circle u-image-4\" alt=\"\" data-image-width=\"770\" data-image-height=\"654\" data-animation-name=\"customAnimationIn\" data-animation-duration=\"1000\" data-animation-delay=\"4000\" style=\"background-image: url(&quot;https:\/\/restaurangornen.nu\/24\/wp-content\/uploads\/2024\/07\/ornensommar.jpg&quot;);\"><\/div>\n              <\/div>\n            <\/div>\n            <div class=\"u-container-style u-list-item u-repeater-item u-shape-rectangle\">\n              <div class=\"u-container-layout u-similar-container u-container-layout-5\">\n                <div class=\"u-border-4 u-border-custom-color-7 u-expanded-width u-image u-image-circle u-image-5\" alt=\"\" data-image-width=\"602\" data-image-height=\"903\" data-animation-name=\"customAnimationIn\" data-animation-duration=\"1000\" data-animation-delay=\"5000\" style=\"background-image: url(&quot;https:\/\/restaurangornen.nu\/24\/wp-content\/uploads\/2024\/07\/image8.png&quot;);\"><\/div>\n              <\/div>\n            <\/div>\n            <div class=\"u-container-style u-list-item u-repeater-item u-shape-rectangle\">\n              <div class=\"u-container-layout u-similar-container u-container-layout-6\">\n                <div class=\"u-border-4 u-border-custom-color-7 u-expanded-width u-image u-image-circle u-image-6\" alt=\"\" data-image-width=\"918\" data-image-height=\"1377\" data-animation-name=\"customAnimationIn\" data-animation-duration=\"1000\" data-animation-delay=\"6000\" style=\"background-image: url(&quot;https:\/\/restaurangornen.nu\/24\/wp-content\/uploads\/2024\/07\/image5.png&quot;);\"><\/div>\n              <\/div>\n            <\/div>\n            <div class=\"u-container-style u-list-item u-repeater-item u-shape-rectangle\">\n              <div class=\"u-container-layout u-similar-container u-container-layout-7\">\n                <div class=\"u-border-4 u-border-custom-color-7 u-expanded-width u-image u-image-circle u-image-7\" alt=\"\" data-image-width=\"918\" data-image-height=\"1377\" data-animation-name=\"customAnimationIn\" data-animation-duration=\"1000\" data-animation-delay=\"7000\" style=\"background-image: url(&quot;https:\/\/restaurangornen.nu\/24\/wp-content\/uploads\/2024\/07\/image1.png&quot;);\"><\/div>\n              <\/div>\n            <\/div>\n            <div class=\"u-container-style u-list-item u-repeater-item u-shape-rectangle\">\n              <div class=\"u-container-layout u-similar-container u-container-layout-8\">\n                <div class=\"u-border-4 u-border-custom-color-7 u-expanded-width u-image u-image-circle u-image-8\" alt=\"\" data-image-width=\"1238\" data-image-height=\"825\" data-animation-name=\"customAnimationIn\" data-animation-duration=\"1000\" data-animation-delay=\"8000\" style=\"background-image: url(&quot;https:\/\/restaurangornen.nu\/24\/wp-content\/uploads\/2024\/07\/image4.png&quot;);\"><\/div>\n              <\/div>\n            <\/div>\n            <div class=\"u-container-style u-list-item u-repeater-item u-shape-rectangle\">\n              <div class=\"u-container-layout u-similar-container u-container-layout-9\">\n                <div class=\"u-border-4 u-border-custom-color-7 u-expanded-width u-image u-image-circle u-image-9\" alt=\"\" data-image-width=\"1360\" data-image-height=\"774\" data-animation-name=\"customAnimationIn\" data-animation-duration=\"1000\" data-animation-delay=\"9000\" style=\"background-image: url(&quot;https:\/\/restaurangornen.nu\/24\/wp-content\/uploads\/2024\/07\/2018-05-25.jpg&quot;);\"><\/div>\n              <\/div>\n            <\/div>\n          <\/div>\n        <\/div>\n        <a href=\"https:\/\/instagram.com\/restaurangornen\" class=\"u-active-custom-color-7 u-align-center u-border-2 u-border-black u-btn u-btn-round u-button-style u-custom-color-7 u-hover-black u-radius u-text-active-white u-text-body-color u-text-hover-white u-btn-1\" data-animation-name=\"flash\" data-animation-duration=\"1000\" data-animation-delay=\"10000\" data-animation-direction=\"\">Visa mer <\/a>\n      <\/div>\n    <\/section>\n    \n    \n    \n  \n","protected":false},"excerpt":{"rendered":"Restaurang \u00d6rnen bjuder p\u00e5 en upplevelse som kombinerar mat och dryck i en modern, varm och livfull atmosf\u00e4r. Om oss K\u00e4rlek, k\u00e4nsla och f\u00e4rska kryddor Restaurang \u00d6rnen \u00e4gs och drivs av Dereje \u00d6rnberg som har \u00f6ver 25&nbsp;\u00e5rs kock erfarenhet i Sverige. V\u00e5r duktiga personal \u00e4r lika internationell som v\u00e5rt koncept med smaker fr\u00e5n hela v\u00e4rlden. &hellip; <a href=\"https:\/\/restaurangornen.nu\/24\/om-oss\/\" class=\"more-link\">Continue reading<span class=\"screen-reader-text\"> &#8220;Om oss&#8221;<\/span><\/a>","protected":false},"author":1,"featured_media":0,"parent":0,"menu_order":2,"comment_status":"closed","ping_status":"closed","template":"","meta":{"footnotes":""},"class_list":["post-101","page","type-page","status-publish","hentry"],"_links":{"self":[{"href":"https:\/\/restaurangornen.nu\/24\/wp-json\/wp\/v2\/pages\/101","targetHints":{"allow":["GET"]}}],"collection":[{"href":"https:\/\/restaurangornen.nu\/24\/wp-json\/wp\/v2\/pages"}],"about":[{"href":"https:\/\/restaurangornen.nu\/24\/wp-json\/wp\/v2\/types\/page"}],"author":[{"embeddable":true,"href":"https:\/\/restaurangornen.nu\/24\/wp-json\/wp\/v2\/users\/1"}],"replies":[{"embeddable":true,"href":"https:\/\/restaurangornen.nu\/24\/wp-json\/wp\/v2\/comments?post=101"}],"version-history":[{"count":2,"href":"https:\/\/restaurangornen.nu\/24\/wp-json\/wp\/v2\/pages\/101\/revisions"}],"predecessor-version":[{"id":178,"href":"https:\/\/restaurangornen.nu\/24\/wp-json\/wp\/v2\/pages\/101\/revisions\/178"}],"wp:attachment":[{"href":"https:\/\/restaurangornen.nu\/24\/wp-json\/wp\/v2\/media?parent=101"}],"curies":[{"name":"wp","href":"https:\/\/api.w.org\/{rel}","templated":true}]}}