{"id":100,"date":"2024-07-17T21:42:54","date_gmt":"2024-07-17T19:42:54","guid":{"rendered":"https:\/\/restaurangornen.nu\/24\/lunch\/"},"modified":"2024-07-22T23:18:12","modified_gmt":"2024-07-22T21:18:12","slug":"lunch","status":"publish","type":"page","link":"https:\/\/restaurangornen.nu\/24\/lunch\/","title":{"rendered":"Lunch"},"content":{"rendered":"\n    \n    <section class=\"skrollable u-align-center u-clearfix u-image u-parallax u-section-2\" id=\"carousel_77bd\" data-image-width=\"1280\" data-image-height=\"853\" style=\"background-image: url(&quot;https:\/\/images.unsplash.com\/photo-1594046243098-0fceea9d451e?crop=entropy&amp;cs=srgb&amp;fm=jpg&amp;ixid=M3w1NzgzNjl8MHwxfHNlYXJjaHwzMXx8bHVuY2h8ZW58MHx8fHwxNzE2Mzc5MjM4fDA&amp;ixlib=rb-4.0.3&amp;q=85&quot;);\">\n      <div class=\"u-clearfix u-sheet u-sheet-1\">\n        <div class=\"u-align-center u-container-style u-expanded-width-xs u-group u-white u-group-1\" data-animation-name=\"customAnimationIn\" data-animation-duration=\"1000\" data-animation-delay=\"1000\">\n          <div class=\"u-container-layout u-container-layout-1\">\n            <h2 class=\"u-custom-font u-font-oswald u-text u-text-1\"> Jag ser fram emot att testa \u200bden d\u00e4r<\/h2>\n          <\/div>\n        <\/div>\n        <div class=\"u-align-center-lg u-align-center-md u-align-center-xl u-container-style u-expanded-width-xs u-group u-white u-group-2\">\n          <div class=\"u-container-layout u-valign-middle-xs u-container-layout-2\">\n            <h2 class=\"u-align-center-sm u-align-center-xs u-custom-font u-font-oswald u-text u-text-2\" data-animation-name=\"customAnimationIn\" data-animation-duration=\"1000\" data-animation-delay=\"2000\"> nya lunchbuff\u00e9n h\u00e4r p\u00e5 \u00d6rnen!\u200b \ud83d\ude42<\/h2>\n          <\/div>\n        <\/div>\n        <a href=\"https:\/\/restaurangornen.nu\/24\/lunch\/#carousel_bdf5\" class=\"u-black u-btn u-button-style u-text-custom-color-7 u-btn-1\" data-animation-name=\"flash\" data-animation-duration=\"1000\" data-animation-delay=\"3000\" data-animation-direction=\"\">Visa mer <\/a>\n      <\/div>\n    <\/section>\n    <section class=\"u-align-right u-clearfix u-section-3\" id=\"carousel_c827\">\n      <div class=\"u-clearfix u-sheet u-sheet-1\">\n        <div class=\"u-absolute-hcenter-xs u-custom-color-7 u-expanded-height u-shape u-shape-rectangle u-shape-1\" data-animation-name=\"customAnimationIn\" data-animation-duration=\"1000\" data-animation-delay=\"6000\"><\/div>\n        <h1 class=\"u-custom-font u-font-oswald u-text u-text-1\" data-animation-name=\"customAnimationIn\" data-animation-duration=\"1000\" data-animation-delay=\"1000\">Lunch<\/h1>\n        <p class=\"u-text u-text-black u-text-2\" data-animation-name=\"customAnimationIn\" data-animation-duration=\"1000\" data-animation-delay=\"2000\"> V\u00e4lkommen till en h\u00e4rlig upplevelse f\u00f6r dig som vill bryta sig loss fr\u00e5n det vanliga under sin middagsrast. Oavsett om det \u00e4r att njuta av en uppfriskande sallad, njuta av en rej\u00e4l sm\u00f6rg\u00e5s eller utforska nya kulinariska destinationer, finns det o\u00e4ndliga alternativ f\u00f6r att h\u00f6ja lunchupplevelsen.&nbsp;<\/p>\n        <div class=\"data-layout-selected u-clearfix u-expanded-width u-gutter-20 u-layout-wrap u-layout-wrap-1\">\n          <div class=\"u-gutter-0 u-layout\">\n            <div class=\"u-layout-row\">\n              <div class=\"u-align-left u-container-style u-layout-cell u-right-cell u-size-20 u-layout-cell-1\" src=\"\">\n                <div class=\"u-container-layout u-container-layout-1\">\n                  <a href=\"https:\/\/restaurangornen.nu\/24\/lunch\/#carousel_77bd\" class=\"u-link u-no-underline u-text-custom-color-7 u-text-hover-black u-link-1\" data-animation-out=\"0\">lunch <\/a>\n                  <a href=\"https:\/\/restaurangornen.nu\/24\/frukost\/#carousel_77bd\" class=\"u-link u-no-underline u-text-black u-text-hover-custom-color-7 u-link-2\" data-animation-name=\"customAnimationIn\" data-animation-duration=\"1000\" data-animation-delay=\"1000\">frukost <\/a>\n                  <a href=\"https:\/\/restaurangornen.nu\/24\/fest\/#carousel_77bd\" class=\"u-link u-no-underline u-text-black u-text-hover-custom-color-7 u-link-3\" data-animation-name=\"customAnimationIn\" data-animation-duration=\"1000\" data-animation-delay=\"2000\">fest <\/a>\n                  <a href=\"https:\/\/restaurangornen.nu\/24\/foodtruck\/#carousel_d929\" class=\"u-link u-no-underline u-text-black u-text-hover-custom-color-7 u-link-4\" data-animation-name=\"customAnimationIn\" data-animation-duration=\"1000\" data-animation-delay=\"3000\">foodtruck <\/a>\n                  <a href=\"https:\/\/restaurangornen.nu\/24\/hamtmat\/#carousel_d929\" class=\"u-link u-no-underline u-text-black u-text-hover-custom-color-7 u-link-5\" data-animation-name=\"customAnimationIn\" data-animation-duration=\"1000\" data-animation-delay=\"4000\">h\u00e4mtmat <\/a>\n                  <a href=\"https:\/\/restaurangornen.nu\/24\/catering\/#carousel_9766\" class=\"u-link u-no-underline u-text-black u-text-hover-custom-color-7 u-link-6\" data-animation-name=\"customAnimationIn\" data-animation-duration=\"1000\" data-animation-delay=\"5000\">catering <\/a>\n                <\/div>\n              <\/div>\n              <div class=\"u-container-style u-image u-layout-cell u-size-20 u-image-1\" src=\"\" data-image-width=\"853\" data-image-height=\"1280\" data-animation-name=\"pulse\" data-animation-duration=\"1000\" data-animation-delay=\"7000\" data-animation-direction=\"\" style=\"background-image: url(&quot;https:\/\/images.unsplash.com\/photo-1546793665-c74683f339c1?crop=entropy&amp;cs=srgb&amp;fm=jpg&amp;ixid=M3w1NzgzNjl8MHwxfHNlYXJjaHw2fHxsdW5jaHxlbnwwfHx8fDE3MTYzNzkyMjR8MA&amp;ixlib=rb-4.0.3&amp;q=85&quot;);\">\n                <div class=\"u-container-layout u-container-layout-2\"><\/div>\n              <\/div>\n              <div class=\"u-container-style u-layout-cell u-left-cell u-size-20 u-layout-cell-3\" src=\"\">\n                <div class=\"u-container-layout u-valign-bottom-lg u-valign-bottom-md u-valign-bottom-sm u-valign-bottom-xl u-container-layout-3\">\n                  <img decoding=\"async\" class=\"u-expanded-width u-image u-image-2\" src=\"https:\/\/images.unsplash.com\/photo-1625631979614-7ab4aa53d600?crop=entropy&amp;cs=srgb&amp;fm=jpg&amp;ixid=M3w1NzgzNjl8MHwxfHNlYXJjaHwzMzh8fGx1bmNofGVufDB8fHx8MTcxNjM4MDAxNnww&amp;ixlib=rb-4.0.3&amp;q=85\" data-image-width=\"854\" data-image-height=\"1280\" data-animation-name=\"pulse\" data-animation-duration=\"1000\" data-animation-delay=\"8000\" data-animation-direction=\"\">\n                <\/div>\n              <\/div>\n            <\/div>\n          <\/div>\n        <\/div>\n      <\/div>\n    <\/section>\n    <section class=\"u-clearfix u-section-4\" id=\"carousel_bdf5\">\n      <div class=\"u-clearfix u-sheet u-sheet-1\">\n        <div class=\"data-layout-selected u-clearfix u-expanded-width u-gutter-30 u-layout-wrap u-layout-wrap-1\">\n          <div class=\"u-layout\" style=\"\">\n            <div class=\"u-layout-row\" style=\"\">\n              <div class=\"u-align-left u-container-style u-image u-layout-cell u-left-cell u-size-15 u-size-30-md u-image-1\" src=\"\" data-image-width=\"740\" data-image-height=\"925\" data-animation-name=\"flipIn\" data-animation-duration=\"1000\" data-animation-delay=\"1000\" data-animation-direction=\"X\" style=\"background-image: url(&quot;https:\/\/restaurangornen.nu\/24\/wp-content\/uploads\/2024\/07\/3.jpg&quot;);\">\n                <div class=\"u-container-layout\" src=\"\"><\/div>\n              <\/div>\n              <div class=\"u-align-left u-container-style u-layout-cell u-size-15 u-size-30-md u-white u-layout-cell-2\">\n                <div class=\"u-container-layout u-container-layout-2\">\n                  <h4 class=\"u-custom-font u-font-oswald u-text u-text-1\" data-animation-name=\"lightSpeedIn\" data-animation-duration=\"1000\" data-animation-delay=\"2000\" data-animation-direction=\"\"><b>\n                      <span style=\"text-decoration: underline !important;\"><\/span><\/b><b>\n                      <span style=\"text-decoration: underline !important;\"><\/span><\/b><b>M\u00e5ndag - Varierande&nbsp;<\/b>\n                  <\/h4>\n                  <ul class=\"u-text u-text-grey-40 u-text-2\">\n                    <li>Med fl\u00e4sk, kyckling och fisk schnitzel. Serveras tillsammans med potatis. <\/li>\n                    <li><u><\/u>\n                      <span style=\"font-weight: 700;\">130 KR<\/span> INKL. DRYCK, BR\u00d6D, KAFFE &amp; KAKA<br>\n                    <\/li>\n                  <\/ul>\n                <\/div>\n              <\/div>\n              <div class=\"u-align-left u-container-style u-image u-layout-cell u-size-15 u-size-30-md u-image-2\" src=\"\" data-image-width=\"740\" data-image-height=\"729\" data-animation-name=\"flipIn\" data-animation-duration=\"1000\" data-animation-delay=\"3000\" data-animation-direction=\"X\" style=\"background-image: url(&quot;https:\/\/restaurangornen.nu\/24\/wp-content\/uploads\/2024\/07\/8.jpg&quot;);\">\n                <div class=\"u-container-layout\" src=\"\"><\/div>\n              <\/div>\n              <div class=\"u-align-left u-container-style u-layout-cell u-right-cell u-size-15 u-size-30-md u-white u-layout-cell-4\">\n                <div class=\"u-container-layout u-container-layout-4\">\n                  <h4 class=\"u-custom-font u-font-oswald u-text u-text-3\" data-animation-name=\"lightSpeedIn\" data-animation-duration=\"1000\" data-animation-delay=\"4000\" data-animation-direction=\"\">\n                    <span style=\"font-weight: 700;\">Tisdag<b>&nbsp;<\/b>\n                    <\/span><b>- Klassikern<\/b>\n                  <\/h4>\n                  <ul class=\"u-text u-text-grey-40 u-text-4\">\n                    <li> Raggmunk stekt fl\u00e4sk&nbsp; <\/li>\n                    <li> K\u00f6ttbullar med V\u00e4sterbottenost stuvade makaroner&nbsp; <\/li>\n                    <li> Panerad sp\u00e4tta med remoulads\u00e5s <\/li>\n                    <li>\n                      <span style=\"font-weight: 700;\"> 130 KR<\/span> INKL. DRYCK, BR\u00d6D, KAFFE &amp; KAKA \n                    <\/li>\n                  <\/ul>\n                <\/div>\n              <\/div>\n            <\/div>\n          <\/div>\n        <\/div>\n        <div class=\"data-layout-selected u-clearfix u-expanded-width u-gutter-30 u-layout-wrap u-layout-wrap-2\">\n          <div class=\"u-layout\" style=\"\">\n            <div class=\"u-layout-row\" style=\"\">\n              <div class=\"u-align-left u-container-style u-image u-layout-cell u-left-cell u-size-15 u-size-30-md u-image-3\" src=\"\" data-image-width=\"1060\" data-image-height=\"706\" data-animation-name=\"flipIn\" data-animation-duration=\"1000\" data-animation-delay=\"5000\" data-animation-direction=\"X\" style=\"background-image: url(&quot;https:\/\/restaurangornen.nu\/24\/wp-content\/uploads\/2024\/07\/14.jpg&quot;);\">\n                <div class=\"u-container-layout\" src=\"\"><\/div>\n              <\/div>\n              <div class=\"u-align-left u-container-style u-layout-cell u-size-15 u-size-30-md u-white u-layout-cell-6\">\n                <div class=\"u-container-layout u-container-layout-6\">\n                  <h4 class=\"u-custom-font u-font-oswald u-text u-text-5\" data-animation-name=\"lightSpeedIn\" data-animation-duration=\"1000\" data-animation-delay=\"6000\" data-animation-direction=\"\">\n                    <span style=\"font-weight: 700;\">Onsdag<\/span><b> - Fr\u00e5n hela v\u00e4rlden<\/b>\n                  <\/h4>\n                  <ul class=\"u-text u-text-grey-40 u-text-6\">\n                    <li> Varierade r\u00e4tter inspirerad fr\u00e5n olika l\u00e4nder <\/li>\n                    <li>\n                      <span style=\"font-weight: 700;\">130 KR<\/span> INKL. DRYCK, BR\u00d6D, KAFFE &amp; KAKA \n                    <\/li>\n                  <\/ul>\n                <\/div>\n              <\/div>\n              <div class=\"u-align-left u-container-style u-image u-layout-cell u-size-15 u-size-30-md u-image-4\" src=\"\" data-image-width=\"1060\" data-image-height=\"705\" data-animation-name=\"flipIn\" data-animation-duration=\"1000\" data-animation-delay=\"7000\" data-animation-direction=\"X\" style=\"background-image: url(&quot;https:\/\/restaurangornen.nu\/24\/wp-content\/uploads\/2024\/07\/21.jpg&quot;);\">\n                <div class=\"u-container-layout\" src=\"\"><\/div>\n              <\/div>\n              <div class=\"u-align-left u-container-style u-layout-cell u-right-cell u-size-15 u-size-30-md u-white u-layout-cell-8\">\n                <div class=\"u-container-layout u-container-layout-8\">\n                  <h4 class=\"u-custom-font u-font-oswald u-text u-text-7\" data-animation-name=\"lightSpeedIn\" data-animation-duration=\"1000\" data-animation-delay=\"8000\" data-animation-direction=\"\">\n                    <span style=\"font-weight: 700;\">torsdag<\/span><b> - Exotisk Buff\u00e9<\/b>\n                  <\/h4>\n                  <ul class=\"u-text u-text-grey-40 u-text-8\">\n                    <li> Med exotisk touch fr\u00e5n olika v\u00e4rldsdelar <\/li>\n                    <li>\n                      <span style=\"font-weight: 700;\">130 KR<\/span> INKL. DRYCK, BR\u00d6D, KAFFE &amp; KAKA \n                    <\/li>\n                  <\/ul>\n                <\/div>\n              <\/div>\n            <\/div>\n          <\/div>\n        <\/div>\n        <div class=\"data-layout-selected u-clearfix u-expanded-width u-gutter-30 u-layout-wrap u-layout-wrap-3\">\n          <div class=\"u-layout\" style=\"\">\n            <div class=\"u-layout-row\" style=\"\">\n              <div class=\"u-align-left u-container-style u-image u-layout-cell u-left-cell u-size-15 u-size-30-md u-image-5\" src=\"\" data-image-width=\"740\" data-image-height=\"925\" data-animation-name=\"flipIn\" data-animation-duration=\"1000\" data-animation-delay=\"9000\" data-animation-direction=\"X\" style=\"background-image: url(&quot;https:\/\/restaurangornen.nu\/24\/wp-content\/uploads\/2024\/07\/31.jpg&quot;);\">\n                <div class=\"u-container-layout\" src=\"\"><\/div>\n              <\/div>\n              <div class=\"u-align-left u-container-style u-layout-cell u-size-15 u-size-30-md u-white u-layout-cell-10\">\n                <div class=\"u-container-layout u-container-layout-10\">\n                  <h4 class=\"u-custom-font u-font-oswald u-text u-text-9\" data-animation-name=\"lightSpeedIn\" data-animation-duration=\"1000\" data-animation-delay=\"10000\" data-animation-direction=\"\">\n                    <span style=\"font-weight: 700;\">Fredag<\/span><b> - Grilldagen<\/b>\n                  <\/h4>\n                  <ul class=\"u-text u-text-grey-40 u-text-10\">\n                    <li> Grilldag med fl\u00e4skfil\u00e9, karr\u00e9 och kyckling tillsammans med potatis och grillsallad. <\/li>\n                    <li>\n                      <span style=\"font-weight: 700;\">130 KR<\/span> INKL. DRYCK, BR\u00d6D, KAFFE &amp; KAKA \n                    <\/li>\n                  <\/ul>\n                <\/div>\n              <\/div>\n              <div class=\"u-align-left u-container-style u-image u-layout-cell u-size-15 u-size-30-md u-image-6\" src=\"\" data-image-width=\"360\" data-image-height=\"540\" data-animation-name=\"bounceIn\" data-animation-duration=\"1000\" data-animation-delay=\"0\" data-animation-direction=\"\" style=\"background-image: url(&quot;https:\/\/restaurangornen.nu\/24\/wp-content\/uploads\/2024\/07\/35.jpg&quot;);\">\n                <div class=\"u-container-layout\" src=\"\"><\/div>\n              <\/div>\n              <div class=\"u-align-left u-container-style u-layout-cell u-right-cell u-size-15 u-size-30-md u-white u-layout-cell-12\">\n                <div class=\"u-container-layout u-container-layout-12\">\n                  <h4 class=\"u-custom-font u-font-oswald u-text u-text-11\" data-animation-name=\"customAnimationIn\" data-animation-duration=\"1000\" data-animation-delay=\"0\" data-animation-direction=\"\"><b>Lunch \u00f6ppettider<\/b>\n                  <\/h4>\n                  <ul class=\"u-text u-text-grey-40 u-text-12\">\n                    <li> ALLA VECKOR &amp; VARDAGAR MELLAN 10:30-14:00 <\/li>\n                  <\/ul>\n                <\/div>\n              <\/div>\n            <\/div>\n          <\/div>\n        <\/div>\n      <\/div>\n    <\/section>\n    <section class=\"skrollable u-align-center u-clearfix u-image u-parallax u-section-5\" id=\"carousel_28ad\" data-image-width=\"1280\" data-image-height=\"853\" style=\"background-image: url(&quot;https:\/\/restaurangornen.nu\/24\/wp-content\/uploads\/2024\/07\/f4cc574a99d6f19bcf9c8e43aff639c24aa9ecb193d0453e1ebbd4ea57de18ce4f86324c69ee9a34313e34e2e6ee6572ad00a8cea5eaa3c391d40e_1280.jpg&quot;);\">\n      <div class=\"u-clearfix u-sheet u-sheet-1\">\n        <div class=\"u-social-icons u-spacing-10 u-social-icons-1\">\n          <a class=\"u-social-url\" target=\"_blank\" href=\"https:\/\/facebook.com\/restaurangornen\" title=\"facebook\"><span class=\"u-icon u-icon-circle u-social-facebook u-social-icon u-icon-1\"><svg class=\"u-svg-link\" preserveAspectRatio=\"xMidYMin slice\" viewBox=\"0 0 112 112\" style=\"\"><use xlink:href=\"#svg-0453\"><\/use><\/svg><svg x=\"0px\" y=\"0px\" viewBox=\"0 0 112 112\" id=\"svg-0453\" class=\"u-svg-content\"><path d=\"M75.5,28.8H65.4c-1.5,0-4,0.9-4,4.3v9.4h13.9l-1.5,15.8H61.4v45.1H42.8V58.3h-8.8V42.4h8.8V32.2 c0-7.4,3.4-18.8,18.8-18.8h13.8v15.4H75.5z\"><\/path><\/svg><\/span>\n          <\/a>\n          <a class=\"u-social-url\" target=\"_blank\" href=\"https:\/\/instagram.com\/restaurangornen\" title=\"instagram\"><span class=\"u-icon u-icon-circle u-social-icon u-social-instagram u-icon-2\"><svg class=\"u-svg-link\" preserveAspectRatio=\"xMidYMin slice\" viewBox=\"0 0 112 112\" style=\"\"><use xlink:href=\"#svg-e645\"><\/use><\/svg><svg x=\"0px\" y=\"0px\" viewBox=\"0 0 112 112\" id=\"svg-e645\" class=\"u-svg-content\"><path d=\"M55.9,32.9c-12.8,0-23.2,10.4-23.2,23.2s10.4,23.2,23.2,23.2s23.2-10.4,23.2-23.2S68.7,32.9,55.9,32.9z M55.9,69.4c-7.4,0-13.3-6-13.3-13.3c-0.1-7.4,6-13.3,13.3-13.3s13.3,6,13.3,13.3C69.3,63.5,63.3,69.4,55.9,69.4z\"><\/path><path d=\"M79.7,26.8c-3,0-5.4,2.5-5.4,5.4s2.5,5.4,5.4,5.4c3,0,5.4-2.5,5.4-5.4S82.7,26.8,79.7,26.8z\"><\/path><path d=\"M78.2,11H33.5C21,11,10.8,21.3,10.8,33.7v44.7c0,12.6,10.2,22.8,22.7,22.8h44.7c12.6,0,22.7-10.2,22.7-22.7 V33.7C100.8,21.1,90.6,11,78.2,11z M91,78.4c0,7.1-5.8,12.8-12.8,12.8H33.5c-7.1,0-12.8-5.8-12.8-12.8V33.7 c0-7.1,5.8-12.8,12.8-12.8h44.7c7.1,0,12.8,5.8,12.8,12.8V78.4z\"><\/path><\/svg><\/span>\n          <\/a>\n        <\/div>\n        <h2 class=\"u-custom-font u-font-oswald u-text u-text-default u-text-1\"> njut av Lunchtiden!<\/h2>\n      <\/div>\n    <\/section>\n    \n    \n    \n    \n  \n","protected":false},"excerpt":{"rendered":"Jag ser fram emot att testa \u200bden d\u00e4r nya lunchbuff\u00e9n h\u00e4r p\u00e5 \u00d6rnen!\u200b \ud83d\ude42 Visa mer Lunch V\u00e4lkommen till en h\u00e4rlig upplevelse f\u00f6r dig som vill bryta sig loss fr\u00e5n det vanliga under sin middagsrast. Oavsett om det \u00e4r att njuta av en uppfriskande sallad, njuta av en rej\u00e4l sm\u00f6rg\u00e5s eller utforska nya kulinariska destinationer, &hellip; <a href=\"https:\/\/restaurangornen.nu\/24\/lunch\/\" class=\"more-link\">Continue reading<span class=\"screen-reader-text\"> &#8220;Lunch&#8221;<\/span><\/a>","protected":false},"author":1,"featured_media":0,"parent":0,"menu_order":1,"comment_status":"closed","ping_status":"closed","template":"","meta":{"footnotes":""},"class_list":["post-100","page","type-page","status-publish","hentry"],"_links":{"self":[{"href":"https:\/\/restaurangornen.nu\/24\/wp-json\/wp\/v2\/pages\/100","targetHints":{"allow":["GET"]}}],"collection":[{"href":"https:\/\/restaurangornen.nu\/24\/wp-json\/wp\/v2\/pages"}],"about":[{"href":"https:\/\/restaurangornen.nu\/24\/wp-json\/wp\/v2\/types\/page"}],"author":[{"embeddable":true,"href":"https:\/\/restaurangornen.nu\/24\/wp-json\/wp\/v2\/users\/1"}],"replies":[{"embeddable":true,"href":"https:\/\/restaurangornen.nu\/24\/wp-json\/wp\/v2\/comments?post=100"}],"version-history":[{"count":2,"href":"https:\/\/restaurangornen.nu\/24\/wp-json\/wp\/v2\/pages\/100\/revisions"}],"predecessor-version":[{"id":189,"href":"https:\/\/restaurangornen.nu\/24\/wp-json\/wp\/v2\/pages\/100\/revisions\/189"}],"wp:attachment":[{"href":"https:\/\/restaurangornen.nu\/24\/wp-json\/wp\/v2\/media?parent=100"}],"curies":[{"name":"wp","href":"https:\/\/api.w.org\/{rel}","templated":true}]}}